 + 7521. Calculate d(-80).
1
Let s(a) = -313*a - 10. Give s(-1).
303
Let t(r) = -17*r + 297. Determine t(18).
-9
Let s(n) = 2*n**3 - 98*n**2 + 217*n - 1339. Calculate s(47).
24
Let v(o) = -1583*o + 9461. Calculate v(6).
-37
Let n(v) = v**2 - 126*v - 1962. What is n(140)?
-2
Let s(l) = 34*l + 50. Give s(-2).
-18
Let i(y) = -y**2 - 77*y - 1429. Give i(-32).
11
Let f(i) = -i**2 + 155*i + 3309. What is f(174)?
3
Let m(q) = -52*q**3 + 2*q**2 - 26*q + 1. What is m(0)?
1
Let h(j) = -j**2 + 15*j + 2. Calculate h(12).
38
Let b(x) = 3*x**3 + 8*x**2 - 4*x - 2. Determine b(1).
5
Let o(x) = 29*x**2 + 3247*x - 78. What is o(-112)?
34
Let l(m) = -m**2 + 100*m + 10533. Determine l(164).
37
Let r(c) = c**3 + 5*c**2 + 53*c + 209. Give r(-4).
13
Let b(c) = c**2 + 121*c + 1161. Give b(-11).
-49
Let h(g) = -53096*g - 530958. Give h(-10).
2
Let m(l) = l**3 - 10*l**2 - 2*l + 96. Determine m(10).
76
Let j(n) = -4*n**2 + 9*n + 6. Determine j(-4).
-94
Let g(r) = 14*r**2 - 58*r - 61. Calculate g(5).
-1
Let z(b) = b**2 + 34*b + 258. Give z(-11).
5
Let a(q) = -2*q**2 - 83*q + 510. Calculate a(-47).
-7
Let m(o) = 14*o + 259. Give m(-23).
-63
Let n(l) = -l**3 - 19*l**2 - 17*l + 28. What is n(-15)?
-617
Let s(w) = 154*w**2 - 360*w - 4. Calculate s(3).
302
Let u(w) = w**2 - 11*w - 538. Calculate u(30).
32
Let d(z) = -z**3 + 19*z**2 + 71*z + 1174. Determine d(24).
-2
Let h(d) = d**3 + 4*d**2 - 4*d - 14. Give h(-7).
-133
Let p(l) = -l**2 - 87*l - 1553. Give p(-37).
297
Let j(c) = -18*c + 762. What is j(22)?
366
Let n(r) = -r**3 + 6*r**2 + 2*r - 420. Determine n(0).
-420
Let b(n) = -n**3 - 81*n**2 - 223*n - 5114. Calculate b(-79).
21
Let m(w) = 18*w - 114. Calculate m(10).
66
Let r(s) = 8*s - 95. Calculate r(35).
185
Let h(n) = -2*n**3 + 4*n**2 - 14*n + 30. Give h(3).
-30
Let f(w) = -w**3 - 3*w**2 + 14*w + 5. Determine f(-5).
-15
Let r(a) = -8*a**2 + 56*a - 5. Calculate r(7).
-5
Let r(y) = 13*y + 21. Calculate r(20).
281
Let o(y) = -804*y - 6466. Determine o(-8).
-34
Let u(w) = -57*w - 520. Give u(-9).
-7
Let a(l) = l**3 - 7*l**2 - 46*l + 8. Calculate a(11).
-14
Let d(g) = -4*g**3 + 34*g**2 - 62*g + 11. What is d(6)?
-1
Let x(v) = -v**3 + 36*v**2 + 117*v. Give x(39).
0
Let h(n) = -25*n**2 - 47*n + 92. Give h(2).
-102
Let b(o) = -2*o**2 - 259*o + 1254. Give b(-134).
48
Let u(l) = 2*l**2 + 126*l + 1318. Calculate u(-13).
18
Let n(o) = -10*o**2 - 1543*o - 7461. Calculate n(-5).
4
Let i(r) = 49*r + 1518. Determine i(-31).
-1
Let s(j) = 2*j**3 - 13*j**2 - 48*j - 40. Determine s(9).
-67
Let z(j) = 5*j**2 + 180*j + 1218. Calculate z(-9).
3
Let c(k) = 205*k + 19265. Determine c(-94).
-5
Let w(g) = g**3 - 19*g**2 + 59*g + 13. Determine w(4).
9
Let b(p) = 68*p - 417. Calculate b(0).
-417
Let z(i) = -2*i**2 + 221*i + 831. Determine z(114).
33
Let s(z) = z**2 - 20*z + 50. Give s(17).
-1
Let q(o) = 2*o**2 - 129*o + 303. Calculate q(62).
-7
Let p(z) = -z**2 + 27*z + 19. What is p(23)?
111
Let a(d) = d**2 - 25*d + 66. Determine a(7).
-60
Let b(q) = -907*q - 6347. Determine b(-7).
2
Let s(x) = 101*x - 3528. What is s(35)?
7
Let h(u) = -101*u - 5. Determine h(-1).
96
Let v(d) = 3*d**2 - 86*d - 119. What is v(29)?
-90
Let m(l) = 16*l**2 + 2*l - 65. Give m(-7).
705
Let b(k) = 142*k + 63. Determine b(0).
63
Let t(c) = 68*c + 759. What is t(-12)?
-57
Let z(o) = -14*o**2 + 257*o - 526. Calculate z(16).
2
Let r(x) = 2*x**2 + 717*x - 1801. Give r(-361).
4
Let f(n) = -11*n**3 + 400*n**2 - 525*n + 2. What is f(35)?
2
Let n(i) = -22*i**2 + 163*i - 1. Calculate n(11).
-870
Let c(m) = 26*m**3 + 4*m**2 + 2*m - 9. Calculate c(-2).
-205
Let b(r) = -r**2 - 411*r + 24600. Determine b(53).
8
Let x(b) = -49*b**3 + 3*b**2 - 24*b + 21. Give x(1).
-49
Let i(f) = -3*f**2 - 148*f - 1626. Calculate i(-35).
-121
Let i(u) = u**3 + 49*u**2 + 83*u - 518. Calculate i(-47).
-1
Let l(j) = -15*j - 531. Determine l(-31).
-66
Let r(b) = -b**3 + 18*b**2 - 13*b + 7. Calculate r(5).
267
Let g(r) = -9*r - 90. Calculate g(-24).
126
Let j(m) = -4*m**2 + 274*m + 699. Give j(71).
-11
Let x(j) = -514*j + 4699. Determine x(9).
73
Let a(f) = 92*f**2 + 60*f + 5. Calculate a(-1).
37
Let k(n) = -4*n**2 + 131*n - 42. Calculate k(25).
733
Let g(l) = -l**2 + 32666*l + 97996. Determine g(-3).
-11
Let u(f) = -f**2 + 36*f - 164. Calculate u(30).
16
Let r(a) = a**2 - a - 349. Give r(19).
-7
Let b(r) = 5*r**2 - 70*r - 98. Determine b(11).
-263
Let x(y) = -y**3 + 26*y**2 + 44*y - 462. Determine x(27).
-3
Let r(k) = -k**2 - 6*k + 48. Determine r(-5).
53
Let u(r) = -50*r**2 + 7*r - 166. Give u(0).
-166
Let k(b) = b**3 - 3*b**2 - 1889*b + 48. Give k(-42).
6
Let q(b) = -b**3 + 31*b**2 + 317*b - 163. Determine q(39).
32
Let i(c) = 8*c**2 - 55*c + 222. What is i(4)?
130
Let g(b) = 3*b**2 - 62*b + 228. Determine g(16).
4
Let n(b) = -8*b**3 - 3*b**2 + 434*b - 871. Calculate n(2).
-79
Let r(l) = 65*l - 2291. Calculate r(35).
-16
Let r(g) = g**3 + 51*g**2 + 61*g - 1809. Determine r(-49).
4
Let h(o) = 6*o**3 - 155*o**2 - 29*o + 76. Calculate h(26).
-2
Let s(p) = -37*p - 1771. Determine s(-48).
5
Let x(z) = -z**2 - 32*z - 156. What is x(-39)?
-429
Let f(r) = 9694*r + 2. What is f(0)?
2
Let u(f) = -f**2 + 187*f + 3247. Determine u(-16).
-1
Let g(l) = l**3 - 41*l**2 + 174*l + 367. What is g(36)?
151
Let f(v) = v**3 - 8*v**2 - 12*v + 95. Determine f(5).
-40
Let g(w) = 33*w - 25. Give g(5).
140
Let s(u) = 61*u**2 - 3233*u - 1. Give s(53).
-1
Let x(m) = -m**2 + 22*m + 243. Determine x(30).
3
Let y(p) = 2*p - 48. Give y(22).
-4
Let q(d) = -3*d**2 + 208*d - 2404. Give q(55).
-39
Let c(j) = 5*j**2 - 30*j - 214. Calculate c(-7).
241
Let m(i) = i**3 - 614*i**2 - 4342*i + 16. Determine m(-7).
-19
Let p(l) = l**2 + 29*l + 121. Determine p(-5).
1
Let m(k) = -k**2 - 5*k + 1187. Determine m(32).
3
Let a(o) = 48*o - 524. Determine a(11).
4
Let f(c) = 140*c**2 - 11*c + 31. What is f(2)?
569
Let s(o) = o**2 + 11*o - 1352. Give s(-46).
258
Let w(m) = -m**3 + 23*m**2 + 80*m + 21. Give w(26).
73
Let c(b) = 4*b**3 - 219*b**2 - 56*b + 53. Give c(55).
-2
Let c(t) = 16*t**2 + 565*t - 28. Calculate c(-35).
-203
Let b(m) = 50*m - 491. What is b(5)?
-241
Let y(m) = -m**2 - 59*m - 121. Determine y(-39).
659
Let q(a) = -a**3 + 9*a**2 + 21*a + 17. Determine q(-3).
62
Let b(a) = -102*a + 1011. Give b(10).
-9
Let t(k) = -5*k**2 - 9*k - 87. Give t(-4).
-131
Let q(v) = -2*v**2 + 12*v + 121. Give q(11).
11
Let o(b) = b**3 - 17*b**2 + 19*b - 42. What is o(16)?
6
Let v(d) = -67*d - 1602. What is v(-24)?
6
Let p(a) = -14*a - 456. Calculate p(-21).
-162
Let i(w) = -4*w**2 + 17*w + 20. What is i(5)?
5
Let r(m) = -m**3 + 9*m**2 + 33*m + 26. Determine r(13).
-221
Let f(p) = 12*p**3 + p**2 + 7*p + 9. Give f(3).
363
Let p(r) = -r**2 + 45*r - 544. What is p(42)?
-418
Let u(g) = -g**3 + 93*g**2 + 388*g - 4. Calculate u(97).
-4
Let n(r) = 9*r**3 - 73*r**2 + 3*r - 10. What is n(8)?
-50
Let x(q) = -2*q**2 + 121*q - 372. What is x(55)?
233
Let y(w) = -w**3 - 33*w**2 - 175*w + 45. Calculate y(-7).
-4
Let c(f) = 118*f - 101. Calculate c(2).
135
Let c(g) = -g**3 - g**2 - g + 12. What is c(-3)?
33
Let q(g) = g**3 - 14*g**2 - 25*g - 109. Determine q(16).
3
Let r(j) = -j**3 + 46*j**2 - 90*j + 98. Give r(44).
10
Let u(y) = -y**3 - 42*y**2 + 47*y + 175. What is u(-43)?
3
Let s(m) = -519*m - 12486. What is s(-24)?
-30
Let g(d) = -d**2 - 26*d + 35. What is g(-28)?
-21
Let p(w) = 2*w**2 + 72*w + 583. What is p(-14)?
-33
Let y(w) = -w**3 + 25*w**2 + 24*w + 108. Determine y(26).
56
Let s(q) = -2*q**3 + 12*q**2 + 6*q + 23. Determine s(6).
59
Let w(i) = -5*i**2 - 14*i + 10. Determine w(-6).
-86
Let z(w) = -84*w**2 + 14*w - 8. Determine z(2).
-316
Let m(d) = 137*d + 1458. Calculate m(-11).
-49
Let p(r) = -r**2 + 40*r - 338. Give p(29).
-19
Let j(c) = -83*c**3 - 416*c**2 - 9*c - 21. What is j(-5)?
-1
Let q(h) = -h**2 - 393*h + 5704. What is q(14)?
6
Let y(w) = -w**3 + 21*w**2 + 97*w + 848. Calculate y(26).
-10
Let a(d) = -7*d**2 - 30*d - 60. What is a(-2)?
-28
Let t(l) = -353*l + 733. Determine t(2).
27
Let x(j) = -6*j**2 - 10*j + 273. Give x(-8).
-31
Let q(i) = -19*i**2 - 209*i + 1. Give q(-11).
1
Let f(y) = -y**2 + 73*y + 73. Calculate f(74).
-1
Let g(a) = -42*a**2 + 1585*a + 424. Give g(38).
6
Let b(d) = -d**3 + 12*d**2 - 23*d - 5. What is b(5)?
55
Let d(p) = 73*p - 6801. Determine d(93).
-12
Let t(j) = -19*j**2 - 384*j - 